67 is divided by 90.
77
Calculate the remainder when 813 is divided by 231.
120
Calculate the remainder when 5960 is divided by 1822.
494
Calculate the remainder when 19258 is divided by 26.
18
What is the remainder when 3462 is divided by 1547?
368
What is the remainder when 813753 is divided by 27?
0
What is the remainder when 85642 is divided by 156?
154
Calculate the remainder when 13335 is divided by 370.
15
Calculate the remainder when 70609 is divided by 254.
251
Calculate the remainder when 615 is divided by 139.
59
What is the remainder when 7614 is divided by 476?
474
What is the remainder when 2455622 is divided by 883?
882
What is the remainder when 126769 is divided by 70?
69
Calculate the remainder when 801 is divided by 558.
243
Calculate the remainder when 225718 is divided by 360.
358
Calculate the remainder when 626109 is divided by 254.
253
What is the remainder when 1546034 is divided by 236?
234
Calculate the remainder when 41115 is divided by 1209.
9
What is the remainder when 3834 is divided by 1247?
93
What is the remainder when 45284 is divided by 134?
126
What is the remainder when 13319 is divided by 6620?
79
What is the remainder when 57566 is divided by 31?
30
Calculate the remainder when 21813 is divided by 13.
12
What is the remainder when 107938 is divided by 210?
208
What is the remainder when 7636 is divided by 63?
13
What is the remainder when 2029257 is divided by 587?
585
Calculate the remainder when 22383 is divided by 1598.
11
What is the remainder when 101191 is divided by 33730?
1
Calculate the remainder when 97050 is divided by 59.
54
Calculate the remainder when 10861 is divided by 5425.
11
What is the remainder when 8106 is divided by 7793?
313
What is the remainder when 1967 is divided by 35?
7
What is the remainder when 587190 is divided by 58?
56
Calculate the remainder when 212597 is divided by 1408.
1397
Calculate the remainder when 658 is divided by 303.
52
Calculate the remainder when 14302 is divided by 1285.
167
Calculate the remainder when 17528 is divided by 796.
16
What is the remainder when 665540 is divided by 332765?
10
What is the remainder when 32301 is divided by 6459?
6
What is the remainder when 8916 is divided by 106?
12
Calculate the remainder when 116947 is divided by 15.
7
What is the remainder when 20945 is divided by 54?
47
What is the remainder when 9067 is divided by 818?
69
Calculate the remainder when 11979 is divided by 5975.
29
Calculate the remainder when 97267 is divided by 14.
9
Calculate the remainder when 21498 is divided by 384.
378
Calculate the remainder when 7728 is divided by 685.
193
Calculate the remainder when 5376 is divided by 1288.
224
What is the remainder when 44530 is divided by 2226?
10
Calculate the remainder when 16776 is divided by 543.
486
Calculate the remainder when 37436 is divided by 130.
126
What is the remainder when 618079 is divided by 54?
49
What is the remainder when 3063 is divided by 273?
60
Calculate the remainder when 461 is divided by 170.
121
What is the remainder when 31570 is divided by 234?
214
What is the remainder when 357310 is divided by 4?
2
Calculate the remainder when 3313 is divided by 124.
89
Calculate the remainder when 19875 is divided by 143.
141
What is the remainder when 58930 is divided by 9815?
40
What is the remainder when 19730 is divided by 3945?
5
Calculate the remainder when 47235 is divided by 106.
65
What is the remainder when 1064 is divided by 1023?
41
What is the remainder when 2525 is divided by 966?
593
What is the remainder when 4392 is divided by 441?
423
What is the remainder when 2139 is divided by 816?
507
Calculate the remainder when 101915 is divided by 112.
107
What is the remainder when 7017 is divided by 761?
168
Calculate the remainder when 231 is divided by 30.
21
What is the remainder when 28960 is divided by 14479?
2
What is the remainder when 49527 is divided by 16506?
9
Calculate the remainder when 27856 is divided by 1207.
95
Calculate the remainder when 623555 is divided by 237.
8
Calculate the remainder when 111461 is divided by 45.
41
What is the remainder when 4339 is divided by 121?
104
Calculate the remainder when 2486705 is divided by 828900.
5
What is the remainder when 24916 is divided by 280?
276
What is the remainder when 799439 is divided by 332?
315
Calculate the remainder when 6716 is divided by 750.
716
Calculate the remainder when 1381 is divided by 409.
154
What is the remainder when 191781 is divided by 732?
729
What is the remainder when 4041 is divided by 83?
57
What is the remainder when 17989 is divided by 461?
10
What is the remainder when 187942 is divided by 123?
121
What is the remainder when 9096 is divided by 4?
0
Calculate the remainder when 130819 is divided by 65395.
29
What is the remainder when 30034 is divided by 27?
10
Calculate the remainder when 1233 is divided by 30.
3
Calculate the remainder when 90090 is divided by 69.
45
What is the remainder when 3547 is divided by 91?
89
What is the remainder when 3860 is divided by 3799?
61
What is the remainder when 3923 is divided by 438?
419
What is the remainder when 4083 is divided by 1062?
897
Calculate the remainder when 3283 is divided by 1026.
205
Calculate the remainder when 419 is divided by 404.
15
What is the remainder when 22794 is divided by 75?
69
What is the remainder when 6278 is divided by 10?
8
Calculate the remainder when 7028 is divided by 7023.
5
What is the remainder when 80349 is divided by 20080?
29
Calculate the remainder when 899 is divided by 109.
27
What is the remainder when 414 is divided by 386?
28
Calculate the remainder when 8742 is divided by 127.
106
Calculate the remainder when 33930 is divided by 776.
562
Calculate the remainder when 9502 is divided by 263.
34
Calculate the remainder when 2086 is divided by 190.
186
What is the remainder when 3948 is divided by 438?
6
Calculate the remainder when 199086 is divided by 105.
6
What is the remainder when 66517 is divided by 2375?
17
What is the remainder when 2140 is divided by 194?
6
Calculate the remainder when 20099 is divided by 129.
104
What is the remainder when 63288 is divided by 53?
6
Calculate the remainder when 94643 is divided by 132.
131
Calculate the remainder when 15743 is divided by 239.
208
Calculate the remainder when 10354 is divided by 211.
15
Calculate the remainder when 4921 is divided by 4557.
364
Calculate the remainder when 3423 is divided by 1127.
42
What is the remainder when 408654 is divided by 30?
24
What is the remainder when 6372 is divided by 2097?
81
What is the remainder when 225635 is divided by 11?
3
Calculate the remainder when 3090 is divided by 735.
150
Calculate the remainder when 26364 is divided by 1882.
16
Calculate the remainder when 140768 is divided by 1100.
1068
Calculate the remainder when 57781 is divided by 103.
101
What is the remainder when 1644 is divided by 384?
108
What is the remainder when 8785 is divided by 2910?
55
What is the remainder when 16961 is divided by 790?
371
What is the remainder when 52027 is divided by 7417?
108
Calculate the remainder when 32809 is divided by 392.
273
What is the remainder when 8478 is divided by 197?
7
Calculate the remainder when 247100 is divided by 468.
464
What is the remainder when 747 is divided by 118?
39
What is the remainder when 19007 is divided by 6334?
5
Calculate the remainder when 1024603 is divided by 14.
13
Calculate the remainder when 975677 is divided by 975674.
3
Calculate the remainder when 6647267 is divided by 62.
61
What is the remainder when 79078 is divided by 437?
418
Calculate the remainder when 16186 is divided by 16163.
23
What is the remainder when 8676 is divided by 193?
184
Calculate the remainder when 23342 is divided by 144.
14
Calculate the remainder when 731364 is divided by 171.
168
Calculate the remainder when 45646 is divided by 22780.
86
Calculate the remainder when 184286 is divided by 47.
46
Calculate the remainder when 221754 is divided by 672.
666
What is the remainder when 463 is divided by 52?
47
What is the remainder when 2299 is divided by 48?
43
What is the remainder when 864899 is divided by 31?
30
Calculate the remainder when 156 is divided by 46.
18
Calculate the remainder w